{"id":2,"date":"2012-03-30T14:22:59","date_gmt":"2012-03-30T14:22:59","guid":{"rendered":"https:\/\/www.energetische-hilfe.at\/wp\/?page_id=2"},"modified":"2020-08-05T08:23:23","modified_gmt":"2020-08-05T08:23:23","slug":"beispiel-seite","status":"publish","type":"page","link":"https:\/\/energetische-hilfe.at\/?page_id=2","title":{"rendered":"mehr \u00fcber mich"},"content":{"rendered":"<p><span style=\"color: #800080;\">Als kleines M\u00e4dchen war ich sehr sensibel und feinf\u00fchlig, ich f\u00fchlte mich oft unwohl, unverstanden\u00a0<\/span><span style=\"color: #800080;\">und irgendwie anders. Ich w\u00fcnschte mir genauso zu sein wie die anderen, ganz &#8222;normal&#8220; und nicht so &#8222;empfindlich&#8220;.\u00a0<\/span><span style=\"color: #800080;\">Oft verstand ich nicht warum sie so handelten oder gemein zueinander waren. Meine Mutter gab mir den Rat mir eine dickere Haut zuzulegen um mir nicht immer alles so nahe gehen zu lassen. Und das hat funktioniert. Im Laufe der Zeit f\u00fchlte ich mich besser und ich nahm mir nicht alles gleich so zu Herzen.<\/span><\/p>\n<p><span style=\"color: #800080;\">Bei meiner Geburt hatte ich die Nabelschnur zweimal um den Hals gewickelt, ich war schon ziemlich blau, scheinbar wollte ich nicht bleiben. Im Alter von 4-5 Jahren &#8222;durfte&#8220; ich ein paar schmerzvolle Erfahrungen machen und ich verlor zweimal fast mein Leben. Doch ich hatte Gl\u00fcck und es ging immer alles gut aus. Auch meinem Bruder verdanke ich mein Leben, er hat mich aus dem Wasser gezogen, als ich hineingefallen bin, obwohl er selber noch so klein war &#8211; ich Danke Dir von Herzen lieber Charly!<\/span><\/p>\n<p><span style=\"color: #800080;\">Seit \u00fcber 30 Jahren bin ich gl\u00fcckliche Ehefrau und Mutter von zwei wundervollen Kindern.\u00a0<\/span><span style=\"color: #800080;\">Von ihnen durfte ich bisher sehr viel lernen. Durch einige Vorkommnisse in meiner Familie kam ich 1993 wieder mehr in Kontakt mit der lichtvollen geistigen Welt. Ich merkte, dass es auch noch etwas &#8222;Anderes&#8220; gibt, was man aber nicht sehen kann. Dadurch wurde mein Interesse geweckt und ich lernte durch Ausbildungen und Erfahrungen wie man damit umgehen kann. Auch meine Feinf\u00fchligkeit durfte ich mir wieder zur\u00fcck &#8222;erarbeiten&#8220; und ich sehe sie heute als ein gro\u00dfes Geschenk an.<\/span><\/p>\n<p><span style=\"color: #800080;\">Durch viele positive R\u00fcckmeldungen von meinen Klienten f\u00fchle ich mich in meinem Tun best\u00e4tigt, denn sonst w\u00fcrde es f\u00fcr mich keinen Sinn machen. Meine Aufgabe und inneres Bestreben ist es, den Menschen zu helfen wieder in ihre Mitte zu kommen und sie bei ihrer Selbstheilung zu unterst\u00fctzen. Denn Jeder heilt sich selber, er ben\u00f6tigt nur manchmal einen Impuls von au\u00dfen. Auch Tieren durfte ich schon helfen.<\/span><\/p>\n<p><span style=\"color: #800080;\">In diesem Sinne w\u00fcnsche ich dir viel Freude beim Lesen meiner Homepage, und wenn du dich angesprochen f\u00fchlst, freue ich mich dich kennen zu lernen.\u00a0<\/span><\/p>\n<p><span style=\"color: #800080;\">Namast\u00e8 <\/span><\/p>\n<p><span style=\"color: #800080;\">&#8222;Ich ehre in dir den g\u00f6ttlichen Geist, den ich auch in mir ehre &#8211; und ich wei\u00df, dass wir somit eins sind.&#8220;\u2028\u2028 Deepak Chopra<\/span><\/p>\n","protected":false},"excerpt":{"rendered":"<p>Als kleines M\u00e4dchen war ich sehr sensibel und feinf\u00fchlig, ich f\u00fchlte mich oft unwohl, unverstanden\u00a0und irgendwie anders. Ich w\u00fcnschte mir genauso zu sein wie die anderen, ganz &#8222;normal&#8220; und nicht so &#8222;empfindlich&#8220;.\u00a0Oft verstand ich nicht warum sie so handelten oder &hellip; <a class=\"more-link\" href=\"https:\/\/energetische-hilfe.at\/?page_id=2\">Weiterlesen <span class=\"meta-nav\">&rarr;<\/span><\/a><\/p>\n","protected":false},"author":2,"featured_media":0,"parent":429,"menu_order":1,"comment_status":"closed","ping_status":"closed","template":"","meta":{"footnotes":""},"class_list":["post-2","page","type-page","status-publish","hentry"],"_links":{"self":[{"href":"https:\/\/energetische-hilfe.at\/index.php?rest_route=\/wp\/v2\/pages\/2","targetHints":{"allow":["GET"]}}],"collection":[{"href":"https:\/\/energetische-hilfe.at\/index.php?rest_route=\/wp\/v2\/pages"}],"about":[{"href":"https:\/\/energetische-hilfe.at\/index.php?rest_route=\/wp\/v2\/types\/page"}],"author":[{"embeddable":true,"href":"https:\/\/energetische-hilfe.at\/index.php?rest_route=\/wp\/v2\/users\/2"}],"replies":[{"embeddable":true,"href":"https:\/\/energetische-hilfe.at\/index.php?rest_route=%2Fwp%2Fv2%2Fcomments&post=2"}],"version-history":[{"count":17,"href":"https:\/\/energetische-hilfe.at\/index.php?rest_route=\/wp\/v2\/pages\/2\/revisions"}],"predecessor-version":[{"id":1466,"href":"https:\/\/energetische-hilfe.at\/index.php?rest_route=\/wp\/v2\/pages\/2\/revisions\/1466"}],"up":[{"embeddable":true,"href":"https:\/\/energetische-hilfe.at\/index.php?rest_route=\/wp\/v2\/pages\/429"}],"wp:attachment":[{"href":"https:\/\/energetische-hilfe.at\/index.php?rest_route=%2Fwp%2Fv2%2Fmedia&parent=2"}],"curies":[{"name":"wp","href":"https:\/\/api.w.org\/{rel}","templated":true}]}}

mehr über mich

<p><span style="color: #800080;">Als kleines Mädchen war ich sehr sensibel und feinfühlig, ich fühlte mich oft unwohl, unverstanden </span><span style="color: #800080;">und irgendwie anders. Ich wünschte mir genauso zu sein wie die anderen, ganz &#8222;normal&#8220; und nicht so &#8222;empfindlich&#8220;. </span><span style="color: #800080;">Oft verstand ich nicht warum sie so handelten oder gemein zueinander waren. Meine Mutter gab mir den Rat mir eine dickere Haut zuzulegen um mir nicht immer alles so nahe gehen zu lassen. Und das hat funktioniert. Im Laufe der Zeit fühlte ich mich besser und ich nahm mir nicht alles gleich so zu Herzen.</span></p>
<p><span style="color: #800080;">Bei meiner Geburt hatte ich die Nabelschnur zweimal um den Hals gewickelt, ich war schon ziemlich blau, scheinbar wollte ich nicht bleiben. Im Alter von 4-5 Jahren &#8222;durfte&#8220; ich ein paar schmerzvolle Erfahrungen machen und ich verlor zweimal fast mein Leben. Doch ich hatte Glück und es ging immer alles gut aus. Auch meinem Bruder verdanke ich mein Leben, er hat mich aus dem Wasser gezogen, als ich hineingefallen bin, obwohl er selber noch so klein war &#8211; ich Danke Dir von Herzen lieber Charly!</span></p>
<p><span style="color: #800080;">Seit über 30 Jahren bin ich glückliche Ehefrau und Mutter von zwei wundervollen Kindern. </span><span style="color: #800080;">Von ihnen durfte ich bisher sehr viel lernen. Durch einige Vorkommnisse in meiner Familie kam ich 1993 wieder mehr in Kontakt mit der lichtvollen geistigen Welt. Ich merkte, dass es auch noch etwas &#8222;Anderes&#8220; gibt, was man aber nicht sehen kann. Dadurch wurde mein Interesse geweckt und ich lernte durch Ausbildungen und Erfahrungen wie man damit umgehen kann. Auch meine Feinfühligkeit durfte ich mir wieder zurück &#8222;erarbeiten&#8220; und ich sehe sie heute als ein großes Geschenk an.</span></p>
<p><span style="color: #800080;">Durch viele positive Rückmeldungen von meinen Klienten fühle ich mich in meinem Tun bestätigt, denn sonst würde es für mich keinen Sinn machen. Meine Aufgabe und inneres Bestreben ist es, den Menschen zu helfen wieder in ihre Mitte zu kommen und sie bei ihrer Selbstheilung zu unterstützen. Denn Jeder heilt sich selber, er benötigt nur manchmal einen Impuls von außen. Auch Tieren durfte ich schon helfen.</span></p>
<p><span style="color: #800080;">In diesem Sinne wünsche ich dir viel Freude beim Lesen meiner Homepage, und wenn du dich angesprochen fühlst, freue ich mich dich kennen zu lernen. </span></p>
<p><span style="color: #800080;">Namastè </span></p>
<p><span style="color: #800080;">&#8222;Ich ehre in dir den göttlichen Geist, den ich auch in mir ehre &#8211; und ich weiß, dass wir somit eins sind.&#8220;   Deepak Chopra</span></p>

<p>Als kleines Mädchen war ich sehr sensibel und feinfühlig, ich fühlte mich oft unwohl, unverstanden und irgendwie anders. Ich wünschte mir genauso zu sein wie die anderen, ganz &#8222;normal&#8220; und nicht so &#8222;empfindlich&#8220;. Oft verstand ich nicht warum sie so handelten oder &hellip; <a class="more-link" href="https://energetische-hilfe.at/?page_id=2">Weiterlesen <span class="meta-nav">&rarr;</span></a></p>
