{"id":383,"date":"2012-04-22T16:21:33","date_gmt":"2012-04-22T16:21:33","guid":{"rendered":"https:\/\/www.energetische-hilfe.at\/wp\/?page_id=383"},"modified":"2017-01-27T17:43:34","modified_gmt":"2017-01-27T17:43:34","slug":"ingrid-auer-symbole-und-essenzen","status":"publish","type":"page","link":"https:\/\/energetische-hilfe.at\/?page_id=383","title":{"rendered":"Ingrid Auer Engelsymbole"},"content":{"rendered":"<p style=\"text-align: left;\"><span style=\"color: #800080;\">Ich arbeite sehr gerne mit den Engelsymbolen von Ingrid Auer und teste aus, welche Engelsymbole, Engelessenzen etc&#8230;.. derzeit f\u00fcr dich wichtig sind. Auch Therapiesitzungen mit Anwendung der Symbole biete ich gerne an. <\/span><\/p>\n<p style=\"text-align: left;\"><span style=\"color: #800080;\">Hier ein kleiner Ausschnitt der Engelsymbole von Ingrid Auer:<\/span><\/p>\n<address><img loading=\"lazy\" decoding=\"async\" class=\"alignleft\" style=\"border: 0px initial initial;\" src=\"https:\/\/www.engelsymbole.at\/upload\/cached_images\/_upload_graphics_DE_uebersichten_image_engelsymbole_200x110_copy_01_efc368ae9563a9106c9ebb0dc22c5da8.jpg?1303156505\" alt=\"\" width=\"200\" height=\"110\" border=\"0\" \/><\/address>\n<div style=\"text-align: left;\"><span style=\"color: #800080;\">ENGELSYMBOLE 1\u221249<\/span><\/div>\n<div style=\"text-align: left;\"><\/div>\n<div style=\"text-align: left;\"><span style=\"color: #800080;\">Energetisierte Engelsymbole von Ingrid Auer sind spirituelle Werkzeuge aus der Geistigen Welt. Sie dienen als Schl\u00fcssel zum Unterbewusstsein und zur Transformation von energetischen Blockaden. Um die Arbeit mit den Symbolen zu vertiefen, gibt es entsprechende Essenzen.<\/span><\/div>\n<p>&nbsp;<\/p>\n<p><img loading=\"lazy\" decoding=\"async\" class=\"alignleft\" style=\"border: 0px initial initial;\" src=\"https:\/\/www.engelsymbole.at\/upload\/cached_images\/_upload_graphics_DE_uebersichten_image_kindersymbole_200x110_copy_efc368ae9563a9106c9ebb0dc22c5da8.jpg?1303157319\" alt=\"\" width=\"200\" height=\"110\" border=\"0\" \/><\/p>\n<p><span style=\"color: #800080;\">KINDERSYMBOLE 1\u221221<\/span><\/p>\n<p><span style=\"color: #800080;\">Energetisierte Engelsymbole f\u00fcr Kinder von Ingrid Auer k\u00f6nnen einen Hinweis auf Alltagsprobleme sowie \u00c4ngste und Sorgen von Kindern geben. Erwachsene k\u00f6nnen die Energien und Botschaften der &#8222;Kindersymbole\u201d f\u00fcr die Arbeit mit ihrem Inneren Kind n\u00fctzen.<\/span><\/p>\n<p>&nbsp;<\/p>\n<p><span style=\"color: #800080;\">Mehr Informationen findest Du hier: \u00a0 \u00a0 \u00a0 \u00a0<\/span><a href=\"https:\/\/www.engelsymbole.at\/overview.php?page_id=5033\">https:\/\/www.engelsymbole.at\/overview.php?page_id=5033<\/a><\/p>\n<div><\/div>\n<p>&nbsp;<\/p>\n","protected":false},"excerpt":{"rendered":"<p>Ich arbeite sehr gerne mit den Engelsymbolen von Ingrid Auer und teste aus, welche Engelsymbole, Engelessenzen etc&#8230;.. derzeit f\u00fcr dich wichtig sind. Auch Therapiesitzungen mit Anwendung der Symbole biete ich gerne an. Hier ein kleiner Ausschnitt der Engelsymbole von Ingrid &hellip; <a class=\"more-link\" href=\"https:\/\/energetische-hilfe.at\/?page_id=383\">Weiterlesen <span class=\"meta-nav\">&rarr;<\/span><\/a><\/p>\n","protected":false},"author":2,"featured_media":0,"parent":395,"menu_order":8,"comment_status":"closed","ping_status":"closed","template":"","meta":{"footnotes":""},"class_list":["post-383","page","type-page","status-publish","hentry"],"_links":{"self":[{"href":"https:\/\/energetische-hilfe.at\/index.php?rest_route=\/wp\/v2\/pages\/383","targetHints":{"allow":["GET"]}}],"collection":[{"href":"https:\/\/energetische-hilfe.at\/index.php?rest_route=\/wp\/v2\/pages"}],"about":[{"href":"https:\/\/energetische-hilfe.at\/index.php?rest_route=\/wp\/v2\/types\/page"}],"author":[{"embeddable":true,"href":"https:\/\/energetische-hilfe.at\/index.php?rest_route=\/wp\/v2\/users\/2"}],"replies":[{"embeddable":true,"href":"https:\/\/energetische-hilfe.at\/index.php?rest_route=%2Fwp%2Fv2%2Fcomments&post=383"}],"version-history":[{"count":25,"href":"https:\/\/energetische-hilfe.at\/index.php?rest_route=\/wp\/v2\/pages\/383\/revisions"}],"predecessor-version":[{"id":1340,"href":"https:\/\/energetische-hilfe.at\/index.php?rest_route=\/wp\/v2\/pages\/383\/revisions\/1340"}],"up":[{"embeddable":true,"href":"https:\/\/energetische-hilfe.at\/index.php?rest_route=\/wp\/v2\/pages\/395"}],"wp:attachment":[{"href":"https:\/\/energetische-hilfe.at\/index.php?rest_route=%2Fwp%2Fv2%2Fmedia&parent=383"}],"curies":[{"name":"wp","href":"https:\/\/api.w.org\/{rel}","templated":true}]}}