{"id":395,"date":"2012-04-22T16:35:08","date_gmt":"2012-04-22T16:35:08","guid":{"rendered":"https:\/\/www.energetische-hilfe.at\/wp\/?page_id=395"},"modified":"2012-07-31T21:38:16","modified_gmt":"2012-07-31T21:38:16","slug":"energiearbeit","status":"publish","type":"page","link":"https:\/\/energetische-hilfe.at\/?page_id=395","title":{"rendered":"Energiearbeit"},"content":{"rendered":"<p><span style=\"color: #800080;\"><a href=\"https:\/\/energetische-hilfe.at\/wp-content\/uploads\/2012\/04\/IMG_4831.jpg\"><img loading=\"lazy\" decoding=\"async\" class=\"alignleft size-medium wp-image-623\" src=\"https:\/\/energetische-hilfe.at\/wp-content\/uploads\/2012\/04\/IMG_4831-300x224.jpg\" alt=\"\" width=\"300\" height=\"224\" srcset=\"https:\/\/energetische-hilfe.at\/wp-content\/uploads\/2012\/04\/IMG_4831-300x224.jpg 300w, https:\/\/energetische-hilfe.at\/wp-content\/uploads\/2012\/04\/IMG_4831-1024x764.jpg 1024w, https:\/\/energetische-hilfe.at\/wp-content\/uploads\/2012\/04\/IMG_4831-401x300.jpg 401w\" sizes=\"auto, (max-width: 300px) 100vw, 300px\" \/><\/a>Energiearbeit kann zu tiefgreifenden Transformationsprozessen f\u00fchren, die zu Ver\u00e4nderungen auf allen Ebenen und in allen Lebensbereichen f\u00fchren k\u00f6nnen. Dies h\u00e4ngt von der Bereitschaft des Klienten ab, sich f\u00fcr h\u00f6here Energien zu \u00f6ffnen, Heilung zulassen zu k\u00f6nnen und sich von innen heraus zu ver\u00e4ndern.\u00a0Die Energiearbeit dient der Verbindung von K\u00f6rper, Geist und Seele und zur Unterst\u00fctzung der eigenen Bewusstwerdung.\u00a0Geistiges Heilen dient der Aktivierung der Selbstheilungskr\u00e4fte. \u2028Ich gebe keine Versprechen, Garantien oder Diagnosen ab. \u00a0\u00a0<\/span><\/p>\n<p><span style=\"color: #800080;\">W\u00e4hrend der Behandlung stelle ich mich als Kanal f\u00fcr die heilenden Kr\u00e4fte aus der geistigen Welt zur Verf\u00fcgung. Beim Klienten kann nur die Ver\u00e4nderung geschehen, die nach dem seelischen Plan f\u00fcr ihn vorgesehen ist. Entscheidend ist dabei auch, dass der Klient wirklich bereit ist, sich zu \u00e4ndern und innere, veraltete Strukturen hinter sich zu lassen.<\/span><\/p>\n","protected":false},"excerpt":{"rendered":"<p>Energiearbeit kann zu tiefgreifenden Transformationsprozessen f\u00fchren, die zu Ver\u00e4nderungen auf allen Ebenen und in allen Lebensbereichen f\u00fchren k\u00f6nnen. Dies h\u00e4ngt von der Bereitschaft des Klienten ab, sich f\u00fcr h\u00f6here Energien zu \u00f6ffnen, Heilung zulassen zu k\u00f6nnen und sich von innen &hellip; <a class=\"more-link\" href=\"https:\/\/energetische-hilfe.at\/?page_id=395\">Weiterlesen <span class=\"meta-nav\">&rarr;<\/span><\/a><\/p>\n","protected":false},"author":2,"featured_media":0,"parent":0,"menu_order":3,"comment_status":"closed","ping_status":"closed","template":"","meta":{"footnotes":""},"class_list":["post-395","page","type-page","status-publish","hentry"],"_links":{"self":[{"href":"https:\/\/energetische-hilfe.at\/index.php?rest_route=\/wp\/v2\/pages\/395","targetHints":{"allow":["GET"]}}],"collection":[{"href":"https:\/\/energetische-hilfe.at\/index.php?rest_route=\/wp\/v2\/pages"}],"about":[{"href":"https:\/\/energetische-hilfe.at\/index.php?rest_route=\/wp\/v2\/types\/page"}],"author":[{"embeddable":true,"href":"https:\/\/energetische-hilfe.at\/index.php?rest_route=\/wp\/v2\/users\/2"}],"replies":[{"embeddable":true,"href":"https:\/\/energetische-hilfe.at\/index.php?rest_route=%2Fwp%2Fv2%2Fcomments&post=395"}],"version-history":[{"count":11,"href":"https:\/\/energetische-hilfe.at\/index.php?rest_route=\/wp\/v2\/pages\/395\/revisions"}],"predecessor-version":[{"id":1104,"href":"https:\/\/energetische-hilfe.at\/index.php?rest_route=\/wp\/v2\/pages\/395\/revisions\/1104"}],"wp:attachment":[{"href":"https:\/\/energetische-hilfe.at\/index.php?rest_route=%2Fwp%2Fv2%2Fmedia&parent=395"}],"curies":[{"name":"wp","href":"https:\/\/api.w.org\/{rel}","templated":true}]}}