{"id":400,"date":"2012-04-22T16:42:55","date_gmt":"2012-04-22T16:42:55","guid":{"rendered":"https:\/\/www.energetische-hilfe.at\/wp\/?page_id=400"},"modified":"2018-05-22T16:48:41","modified_gmt":"2018-05-22T16:48:41","slug":"schulung-energetische-reinigung","status":"publish","type":"page","link":"https:\/\/energetische-hilfe.at\/?page_id=400","title":{"rendered":"Atlantis Aura Soma Schulung"},"content":{"rendered":"<div><span style=\"color: #800080;\"><a href=\"https:\/\/energetische-hilfe.at\/wp-content\/uploads\/2012\/04\/Pfingstrose-Himmel.jpg\"><img loading=\"lazy\" decoding=\"async\" class=\"alignleft size-medium wp-image-813\" title=\"\" src=\"https:\/\/energetische-hilfe.at\/wp-content\/uploads\/2012\/04\/Pfingstrose-Himmel-300x224.jpg\" alt=\"\" width=\"300\" height=\"224\" srcset=\"https:\/\/energetische-hilfe.at\/wp-content\/uploads\/2012\/04\/Pfingstrose-Himmel-300x224.jpg 300w, https:\/\/energetische-hilfe.at\/wp-content\/uploads\/2012\/04\/Pfingstrose-Himmel-1024x764.jpg 1024w, https:\/\/energetische-hilfe.at\/wp-content\/uploads\/2012\/04\/Pfingstrose-Himmel-401x300.jpg 401w\" sizes=\"auto, (max-width: 300px) 100vw, 300px\" \/><\/a><\/span><\/div>\n<p><strong><span style=\"color: #800080;\">Atlantis Aura Soma<\/span><\/strong><\/p>\n<ul>\n<li><span style=\"color: #800080;\">ist die von Helmut Hofer entwickelte Methode des geistigen Heilens<\/span><\/li>\n<\/ul>\n<ul>\n<li><span style=\"color: #800080;\">hilft K\u00f6rper \u2013 Geist \u2013 Seele wieder in Einklang zu bringen<\/span><\/li>\n<\/ul>\n<ul>\n<li><span style=\"color: #800080;\">hilft die Selbstheilungskr\u00e4fte zu aktivieren <\/span><\/li>\n<\/ul>\n<p>&nbsp;<\/p>\n<p>&nbsp;<\/p>\n<p><em><span style=\"color: #800080;\">Bei der Atlantis Aura Soma Schulung lernst du wie du mit Hilfe der g\u00f6ttlichen F\u00fchrung und deiner H\u00e4nde dein feinstoffliches Energiesysteme \u00fcberpr\u00fcfst, reinigst und energetisierst oder ausgleichst. Deine Selbstheilungskr\u00e4fte werden aktiviert.<\/span><\/em><\/p>\n<p>&nbsp;<\/p>\n<p><span style=\"color: #800080;\">Voraussetzungen: \u00a0 \u00a0 \u00a0 \u00a0 \u00a0keine<\/span><\/p>\n<p><span style=\"color: #800080;\">Bitte mitbringen: \u00a0 \u00a0 \u00a0 \u00a0 \u00a0 Decke, Polster, warme Socken\/Hausschuhe, Schreibzeug<\/span><\/p>\n<p><span style=\"color: #800080;\"><a href=\"https:\/\/www.energetische-hilfe.at\/?page_id=997\">Termine:<\/a><\/span><\/p>\n<h5><span style=\"color: #800080;\">\u00a0 \u00a0 \u00a0 \u00a0 \u00a0 \u00a0<\/span><\/h5>\n<h5><span style=\"color: #800080;\">Inhalt der Schulung:<\/span><\/h5>\n<address>\u00a0<\/address>\n<div>\n<ul>\n<li>\n<h5><span style=\"color: #800080;\">Vorbereiten und Einstimmen auf die Energiearbeit<\/span><\/h5>\n<\/li>\n<li>\n<h5><span style=\"color: #800080;\">Energien mit den H\u00e4nden sp\u00fcren und austesten<\/span><\/h5>\n<\/li>\n<li>\n<h5><span style=\"color: #800080;\">Erden, reinigen und verbinden\u00a0<\/span><\/h5>\n<\/li>\n<li style=\"text-align: left;\">\n<h5><span style=\"color: #800080;\">Karma l\u00f6sen \u00a0 \u00a0 \u00a0 \u00a0 \u00a0 \u00a0 \u00a0 \u00a0 \u00a0 \u00a0 \u00a0 \u00a0 \u00a0 \u00a0 \u00a0 \u00a0 \u00a0 \u00a0 \u00a0 \u00a0 \u00a0 \u00a0 \u00a0 \u00a0\u00a0<\/span><\/h5>\n<\/li>\n<li>\n<h5><span style=\"color: #800080;\">Fremdenergien l\u00f6sen \u00a0 \u00a0 \u00a0 \u00a0 \u00a0 \u00a0<\/span><\/h5>\n<\/li>\n<li>\n<h5><span style=\"color: #800080;\">Chakren energetisch reinigen und ausgleichen \u00a0 \u00a0 \u00a0 \u00a0 \u00a0 \u00a0 \u00a0 \u00a0 \u00a0 \u00a0 \u00a0 \u00a0 \u00a0 \u00a0 \u00a0 \u00a0 \u00a0 \u00a0 \u00a0 \u00a0 \u00a0\u00a0<\/span><\/h5>\n<\/li>\n<li>\n<h5><span style=\"color: #800080;\">Wirbels\u00e4ule energetisch reinigen \u00a0 \u00a0 \u00a0 \u00a0 \u00a0 \u00a0 \u00a0 \u00a0 \u00a0 \u00a0 \u00a0 \u00a0 \u00a0 \u00a0 \u00a0 \u00a0 \u00a0 \u00a0 \u00a0 \u00a0\u00a0<\/span><\/h5>\n<\/li>\n<li>\n<h5><span style=\"color: #800080;\">Blockaden\/Schmerzen, \u00c4ngste,&#8230;. l\u00f6sen \u00a0 \u00a0 \u00a0 \u00a0 \u00a0 \u00a0 \u00a0 \u00a0<\/span><\/h5>\n<\/li>\n<li>\n<h5><span style=\"color: #800080;\">Immun-, Hormon-, Verdauungssystem energetisch reinigen \u00a0\u00a0<\/span><\/h5>\n<\/li>\n<li>\n<h5><span style=\"color: #800080;\">Organe, Muskeln, Knochen energetisch reinigen \u00a0 \u00a0 \u00a0 \u00a0 \u00a0<\/span><\/h5>\n<\/li>\n<li>\n<h5><span style=\"color: #800080;\">Psychische Ebene (Emotionen) energetisch reinigen \u00a0 \u00a0 \u00a0 \u00a0 \u00a0 \u00a0 \u00a0\u00a0<\/span><\/h5>\n<\/li>\n<li>\n<h5><span style=\"color: #800080;\">Noetische Ebene (Gedanken) energetisch reinigen \u00a0 \u00a0 \u00a0 \u00a0<\/span><\/h5>\n<\/li>\n<li>\n<h5><span style=\"color: #800080;\">Negative Verbindungen l\u00f6sen \u00a0 \u00a0 \u00a0 \u00a0 \u00a0 \u00a0 \u00a0 \u00a0 \u00a0 \u00a0 \u00a0<\/span><\/h5>\n<\/li>\n<li>\n<h5><span style=\"color: #800080;\">Schlafplatz energetisch reinigen \u00a0 \u00a0 \u00a0 \u00a0 \u00a0 \u00a0 \u00a0 \u00a0 \u00a0 \u00a0 \u00a0 \u00a0 \u00a0 \u00a0 \u00a0 \u00a0 \u00a0 \u00a0 \u00a0 \u00a0 \u00a0<\/span><\/h5>\n<\/li>\n<li>\n<h5><span style=\"color: #800080;\">Haus\/Grundst\u00fcck energetisch reinigen<\/span><\/h5>\n<\/li>\n<li>\n<h5><span style=\"color: #800080;\">Sonstiges<\/span><\/h5>\n<\/li>\n<\/ul>\n<div>\n<p>&nbsp;<\/p>\n<p><em><span style=\"color: #800080;\">Jedes Ungleichgewicht in uns wirkt sich negativ auf uns aus und Schmerzen, Krankheiten oder psychische Probleme k\u00f6nnen entstehen.\u00a0Bei dieser Methode wird das feinstoffliche Energiesystem (Aura, Chakren,&#8230;) und je nach Problemthema, schmerzende K\u00f6rperstellen, Organe, K\u00f6rpersysteme, Wirbels\u00e4ule, Muskeln, &#8230;&#8230;\u00a0\u00a0gereinigt, ausgeglichen und energetisiert, dabei werden die Selbstheilungskr\u00e4fte aktiviert&#8230;&#8230;<\/span><\/em><\/p>\n<div><\/div>\n<\/div>\n<\/div>\n","protected":false},"excerpt":{"rendered":"<p>Atlantis Aura Soma ist die von Helmut Hofer entwickelte Methode des geistigen Heilens hilft K\u00f6rper \u2013 Geist \u2013 Seele wieder in Einklang zu bringen hilft die Selbstheilungskr\u00e4fte zu aktivieren &nbsp; &nbsp; Bei der Atlantis Aura Soma Schulung lernst du wie &hellip; <a class=\"more-link\" href=\"https:\/\/energetische-hilfe.at\/?page_id=400\">Weiterlesen <span class=\"meta-nav\">&rarr;<\/span><\/a><\/p>\n","protected":false},"author":2,"featured_media":0,"parent":340,"menu_order":0,"comment_status":"closed","ping_status":"closed","template":"","meta":{"footnotes":""},"class_list":["post-400","page","type-page","status-publish","hentry"],"_links":{"self":[{"href":"https:\/\/energetische-hilfe.at\/index.php?rest_route=\/wp\/v2\/pages\/400","targetHints":{"allow":["GET"]}}],"collection":[{"href":"https:\/\/energetische-hilfe.at\/index.php?rest_route=\/wp\/v2\/pages"}],"about":[{"href":"https:\/\/energetische-hilfe.at\/index.php?rest_route=\/wp\/v2\/types\/page"}],"author":[{"embeddable":true,"href":"https:\/\/energetische-hilfe.at\/index.php?rest_route=\/wp\/v2\/users\/2"}],"replies":[{"embeddable":true,"href":"https:\/\/energetische-hilfe.at\/index.php?rest_route=%2Fwp%2Fv2%2Fcomments&post=400"}],"version-history":[{"count":79,"href":"https:\/\/energetische-hilfe.at\/index.php?rest_route=\/wp\/v2\/pages\/400\/revisions"}],"predecessor-version":[{"id":1406,"href":"https:\/\/energetische-hilfe.at\/index.php?rest_route=\/wp\/v2\/pages\/400\/revisions\/1406"}],"up":[{"embeddable":true,"href":"https:\/\/energetische-hilfe.at\/index.php?rest_route=\/wp\/v2\/pages\/340"}],"wp:attachment":[{"href":"https:\/\/energetische-hilfe.at\/index.php?rest_route=%2Fwp%2Fv2%2Fmedia&parent=400"}],"curies":[{"name":"wp","href":"https:\/\/api.w.org\/{rel}","templated":true}]}}