{"id":510,"date":"2012-04-26T18:37:14","date_gmt":"2012-04-26T18:37:14","guid":{"rendered":"https:\/\/www.energetische-hilfe.at\/wp\/?page_id=510"},"modified":"2017-01-27T17:42:24","modified_gmt":"2017-01-27T17:42:24","slug":"engel-reading","status":"publish","type":"page","link":"https:\/\/energetische-hilfe.at\/?page_id=510","title":{"rendered":"Engel-Reading"},"content":{"rendered":"<p><span style=\"color: #800080;\">mit den Engelkarten von Doreen Virtue.<\/span><\/p>\n<p><span style=\"color: #800080;\">Du kannst mit einer bestimmten Frage zu mir kommen oder du l\u00e4sst dich \u00fcberraschen, welche Botschaft die Engel f\u00fcr dich haben&#8230;.<\/span><\/p>\n","protected":false},"excerpt":{"rendered":"<p>mit den Engelkarten von Doreen Virtue. Du kannst mit einer bestimmten Frage zu mir kommen oder du l\u00e4sst dich \u00fcberraschen, welche Botschaft die Engel f\u00fcr dich haben&#8230;.<\/p>\n","protected":false},"author":2,"featured_media":0,"parent":395,"menu_order":7,"comment_status":"closed","ping_status":"closed","template":"","meta":{"footnotes":""},"class_list":["post-510","page","type-page","status-publish","hentry"],"_links":{"self":[{"href":"https:\/\/energetische-hilfe.at\/index.php?rest_route=\/wp\/v2\/pages\/510","targetHints":{"allow":["GET"]}}],"collection":[{"href":"https:\/\/energetische-hilfe.at\/index.php?rest_route=\/wp\/v2\/pages"}],"about":[{"href":"https:\/\/energetische-hilfe.at\/index.php?rest_route=\/wp\/v2\/types\/page"}],"author":[{"embeddable":true,"href":"https:\/\/energetische-hilfe.at\/index.php?rest_route=\/wp\/v2\/users\/2"}],"replies":[{"embeddable":true,"href":"https:\/\/energetische-hilfe.at\/index.php?rest_route=%2Fwp%2Fv2%2Fcomments&post=510"}],"version-history":[{"count":8,"href":"https:\/\/energetische-hilfe.at\/index.php?rest_route=\/wp\/v2\/pages\/510\/revisions"}],"predecessor-version":[{"id":1338,"href":"https:\/\/energetische-hilfe.at\/index.php?rest_route=\/wp\/v2\/pages\/510\/revisions\/1338"}],"up":[{"embeddable":true,"href":"https:\/\/energetische-hilfe.at\/index.php?rest_route=\/wp\/v2\/pages\/395"}],"wp:attachment":[{"href":"https:\/\/energetische-hilfe.at\/index.php?rest_route=%2Fwp%2Fv2%2Fmedia&parent=510"}],"curies":[{"name":"wp","href":"https:\/\/api.w.org\/{rel}","templated":true}]}}